0597
List the prime factors of 4482752.
2, 89, 787
List the prime factors of 260378.
2, 101, 1289
What are the prime factors of 6420690?
2, 3, 5, 71341
What are the prime factors of 4669630?
2, 5, 7, 19, 3511
What are the prime factors of 447382?
2, 13, 17207
List the prime factors of 242633.
242633
What are the prime factors of 5491791?
3, 610199
List the prime factors of 149235.
3, 5, 9949
What are the prime factors of 19132310?
2, 5, 17, 112543
List the prime factors of 1268633.
1268633
What are the prime factors of 3683?
29, 127
What are the prime factors of 15937237?
239, 66683
List the prime factors of 23239553.
31, 67, 167
List the prime factors of 1831851.
3, 7, 29077
What are the prime factors of 833660?
2, 5, 73, 571
List the prime factors of 235695.
3, 5, 19, 827
What are the prime factors of 5191605?
3, 5, 43, 2683
What are the prime factors of 4654765?
5, 281, 3313
List the prime factors of 28938389.
691, 41879
What are the prime factors of 23123?
19, 1217
What are the prime factors of 3996804?
2, 3, 7, 47581
What are the prime factors of 215157?
3, 71719
What are the prime factors of 16589267?
67, 247601
What are the prime factors of 15368955?
3, 5, 7, 197, 743
What are the prime factors of 3035311?
193, 15727
List the prime factors of 935677.
935677
List the prime factors of 11019064.
2, 7, 196769
List the prime factors of 224761.
43, 5227
What are the prime factors of 5301618?
2, 3, 7, 126229
What are the prime factors of 405590?
2, 5, 40559
What are the prime factors of 4048522?
2, 2024261
List the prime factors of 2086735.
5, 7, 59621
List the prime factors of 555585.
3, 5, 37039
List the prime factors of 624700.
2, 5, 6247
What are the prime factors of 6495206?
2, 3247603
List the prime factors of 1705361.
7, 243623
List the prime factors of 612719.
612719
List the prime factors of 776234.
2, 388117
List the prime factors of 369186.
2, 3, 37, 1663
List the prime factors of 507074.
2, 253537
What are the prime factors of 318664?
2, 61, 653
What are the prime factors of 265491?
3, 9833
List the prime factors of 13149071.
13, 823, 1229
List the prime factors of 836909.
43, 19463
List the prime factors of 9275827.
11, 843257
What are the prime factors of 136063?
103, 1321
List the prime factors of 5059288.
2, 13, 48647
What are the prime factors of 44835?
3, 5, 7, 61
What are the prime factors of 3705158?
2, 1852579
List the prime factors of 12676408.
2, 1584551
List the prime factors of 223514.
2, 23, 43, 113
What are the prime factors of 78731?
131, 601
List the prime factors of 2016218.
2, 431, 2339
List the prime factors of 71871.
3, 23957
What are the prime factors of 139496?
2, 7, 47, 53
What are the prime factors of 2036597?
2036597
What are the prime factors of 495278?
2, 7, 17, 2081
List the prime factors of 8720409.
3, 2906803
List the prime factors of 709428.
2, 3, 59119
What are the prime factors of 5983602?
2, 3, 997267
What are the prime factors of 722328?
2, 3, 30097
What are the prime factors of 315257?
315257
List the prime factors of 912458.
2, 17, 47, 571
What are the prime factors of 3486177?
3, 19, 29, 37
What are the prime factors of 15760808?
2, 7, 431, 653
What are the prime factors of 492129?
3, 11, 1657
List the prime factors of 4368078.
2, 3, 11, 13, 1697
List the prime factors of 2496890.
2, 5, 11, 22699
List the prime factors of 2579730.
2, 3, 5, 85991
What are the prime factors of 1007037?
3, 111893
List the prime factors of 406750.
2, 5, 1627
List the prime factors of 6370300.
2, 5, 63703
What are the prime factors of 832449?
3, 277483
List the prime factors of 3607701.
3, 19, 167, 379
List the prime factors of 2517270.
2, 3, 5, 7, 11987
List the prime factors of 8757479.
569, 15391
What are the prime factors of 1701431?
19, 149, 601
What are the prime factors of 574292?
2, 143573
List the prime factors of 7817103.
3, 7, 167, 743
What are the prime factors of 7039905?
3, 5, 41, 11447
What are the prime factors of 20216712?
2, 3, 29, 31, 937
List the prime factors of 296901.
3, 11, 2999
List the prime factors of 699812.
2, 53, 3301
List the prime factors of 1474820.
2, 5, 37, 1993
List the prime factors of 3466337.
7, 307, 1613
What are the prime factors of 16193943?
3, 307, 5861
List the prime factors of 11068304.
2, 13, 127, 419
What are the prime factors of 1257678?
2, 3, 107, 653
What are the prime factors of 37764?
2, 3, 1049
What are the prime factors of 12890289?
3, 53, 81071
List the prime factors of 132195.
3, 5, 7, 1259
What are the prime factors of 2581521?
3, 860507
List the prime factors of 1186906.
2, 7, 17, 4987
List the prime factors of 8187884.
2, 2046971
List the prime factors of 286316.
2, 31, 2309
What are the prime factors of 263555?
5, 52711
List the prime factors of 3041040.
2, 3, 5, 12671
List the prime factors of 1887685.
5, 377537
What are the prime factors of 28628?
2, 17, 421
What are the prime factors of 1175107?
1175107
What are the prime factors of 2261477?
37, 61121
What are the prime factors of 596767?
596767
What are the prime factors of 27456474?
2, 3, 157, 29147
List the prime factors of 197533.
7, 28219
What are the prime factors of 415174?
2, 17, 12211
What are the prime factors of 770542?
2, 17, 131, 173
What are the prime factors of 4573176?
2, 3, 89, 2141
What are the prime factors of 10115018?
2, 5057509
What are the prime factors of 482282?
2, 241141
List the prime factors of 1095325.
5, 7, 11, 569
What are the prime factors of 118721?
227, 523
What are the prime factors of 29110?
2, 5, 41, 71
List the prime factors of 881401.
59, 14939
What are the prime factors of 263990?
2, 5, 26399
List the prime factors of 158502.
2, 3, 26417
List the prime factors of 786833.
786833
List the prime factors of 308973.
3, 7, 14713
List the prime factors of 240651.
3, 2971
What are the prime factors of 6498016?
2, 7, 29009
What are the prime factors of 295254?
2, 3, 47, 349
What are the prime factors of 102120?
2, 3, 5, 23, 37
What are the prime factors of 512234?
2, 256117
What are the prime factors of 17948?
2, 7, 641
List the prime factors of 2176366.
2, 839, 1297
List the prime factors of 10612.
2, 7, 379
What are the prime factors of 341608?
2, 42701
What are the prime factors of 23854110?
2, 3, 5, 7, 113591
What are the prime factors of 197917?
47, 4211
What are the prime factors of 1249908?
2, 3, 11, 17, 557
List the prime factors of 12387573.
3, 11, 13903
List the prime factors of 14900101.
181, 191, 431
What are the prime factors of 1937694?
2, 3, 11, 17, 157
What are the prime factors of 61208?
2, 7, 1093
List the prime factors of 8198152.
2, 569, 1801
List the prime factors of 2418936.
2, 3, 13, 7753
List the prime factors of 2334901.
2334901
What are the prime factors of 2126522?
2, 43, 79, 313
What are the prime factors of 9916650?
2, 3, 5, 22037
What are the prime factors of 136019?
13, 10463
What are the prime factors of 4676512?
2, 146141
List the prime factors of 1504.
2, 47
What are the prime factors of 391463?
47, 8329
List the prime factors of 1166562.
2, 3, 19, 379
What are the prime factors of 1185270?
2, 3, 5, 39509
What are the prime factors of 336731?
83, 4057
What are the prime factors of 9806136?
2, 3, 131, 3119
What are the prime factors of 150177?
3, 113, 443
List the prime factors of 1708928.
2, 13, 79
List the prime factors of 53575.
5, 2143
What are the prime factors of 1150410?
2, 3, 5, 31, 1237
List the prime factors of 476202.
2, 3, 79367
What are the prime factors of 28318?
2, 14159
List the prime factors of 1158550.
2, 5, 17, 29, 47
What are the prime factors of 8090583?
3, 2696861
List the prime factors of 402406.
2, 201203
What are the prime factors of 566441?
566441
What are the prime factors of 239424?
2, 3, 29, 43
What are the prime factors of 2080807?
2080807
What are the prime factors of 215460?
2, 3, 5, 7, 19
List the prime factors of 2692543.
7, 193, 1993
List the prime factors of 75335.
5, 13, 19, 61
List the prime factors of 1766010.
2, 3, 5, 37, 43
List the prime factors of 255838.
2, 11, 29, 401
What are the prime factors of 4143300?
2, 3, 5, 7, 1973
What are the prime factors of 296144?
2, 83, 223
What are the prime factors of 17685?
3, 5, 131
What are the prime factors of 1876198?
2, 938099
What are the prime factors